1 - -29).
39
Evaluate (-91 + 78 - ((4 - 6) + -11)) + (-1 - -53).
52
What is the value of (-2 - -6) + -3 + 4 + 55 + -25?
35
What is 1 - -13 - (-12 + (17 - (19 + 25 + -30)))?
23
Evaluate 7 + -78 + 24 - 27.
-74
Evaluate 16 + -7 + (-6 - -90) + 4 + -15.
82
Evaluate (-9 - -1) + 13 + (50 + -14 - -5) + -6.
40
Evaluate (-54 - 0) + (800 - 768).
-22
Calculate -131 + (56 - -4) + 59.
-12
What is the value of 48 - (23 - (15 + (-15 - -16)))?
41
What is the value of -22 + 0 + -44 + -161 + 179?
-48
Calculate -30 + -13 + 8 + -2 + 1.
-36
What is -14 + 116 + 5 + -30 + -5?
72
Evaluate -13 + -138 + (-684 - -701).
-134
Evaluate 18 - -45 - 39 - (11 + -119).
132
Calculate (-48 - -10) + 116 - 80.
-2
-10 + 73 + -5 + 13 + 6 + -16
61
((-11 - -26) + 1 - (19 - 3)) + -38
-38
Calculate (3 - -4 - (-13 - 18)) + (0 - 1).
37
(6 - ((20 - -20) + -13)) + -23
-44
Calculate -37 + -4 - (-53 + 46 - -19).
-53
What is -10 + -14 + (45 - 35) - -113?
99
Evaluate 1620 - 1636 - (34 - -8).
-58
What is (2 - 27 - (-135 - -138)) + -73?
-101
Evaluate (-61 - -30) + 26 - -87.
82
Evaluate 39 - -1 - (-29 + 47 + -12 + 1 + 3).
30
What is the value of -33 + 2 + (-3 - -4 - -1 - (1 + -2))?
-28
What is the value of -47 + -1 + (-56 + -29 - -105)?
-28
-1 + (19 + -17 - (-19 + 7 + 7 + -50))
56
(-6 - (6 - 1)) + (48 - -1 - -39)
77
What is the value of (5 - 75) + -2 - (77 - 71)?
-78
Calculate 21 + 10 + -44 - 9.
-22
Evaluate 2 - 13 - (0 - -37 - 23).
-25
Evaluate (8 - 0) + (-19 - ((12 - -64) + -3) - -15).
-69
(1 - -109) + -387 + 721 + -376
68
What is the value of 0 - -1 - (2170 - 2169) - (-3 - 1)?
4
22 + -15 + 37 - 41
3
Evaluate (-299 - -318 - (-2 + 13)) + (3 + -1 - 60).
-50
21 - (-1 + 0 - (-530 + 498))
-10
(-24 + 21 - ((-1 - 1) + 18)) + -5 + 1
-23
What is -29 + 10 + 4 - -24 - (-18 + 11)?
16
What is the value of (-13 + 15 - 1) + -5 + 19?
15
21 - ((-256 - -272) + (-4 - 14))
23
Evaluate (0 - 9) + -2606 + 2515 + -2 + 62.
-40
Calculate -3 - (6 - (16 - (-12 + -17))).
36
Evaluate (195 - 169) + (17 - 71) + 12.
-16
47 + -86 + 176 + -41
96
What is -8 + -2 - (274 - 279 - (2 - -1 - -5))?
3
What is the value of 13 + (-4 - (84 - 43)) + 54?
22
Evaluate 0 - (1 + 15) - (-36 - (-89 + 58 + -2)).
-13
What is (32 - 0) + -3 - 8 - (-2 + 1)?
22
11 + -8 + (14 - -2 - (34 + -25))
10
Evaluate 3 + 39 + 35 + -75.
2
What is -12 + (5 - (-6 - -4)) - (-45 + 47)?
-7
What is (-15 - (3 - 13)) + (1 + -61 + 8 - -8)?
-49
What is -57 - (4 + (9 - 12) + -8 + 6)?
-56
What is (-22 - (-7 + -10)) + 17?
12
What is 24 + (-114 - (51 + -83 + 20))?
-78
What is the value of 26 - (24 - 3) - (-12 - 4)?
21
What is -1 + -16 + 893 + -889 - (3 + -51)?
35
Evaluate 57 + 24 + -58 - (3 + 3).
17
What is the value of (89 - 90) + 2 + (5 - 4) + -44?
-42
Calculate -70 + (-90 + 31 - -76).
-53
What is the value of -40 + (46 - -7) + -43?
-30
What is the value of -46 - -94 - 66 - (76 + 3 + -2)?
-95
What is the value of (-143 + 67 - -131) + -19?
36
What is the value of 6 + -1 - (50 - (-5 + 15 + 10 + -15))?
-40
What is the value of -1573 + 1565 - (0 + -9) - (4 + 0)?
-3
Calculate 10 - (34 - ((12 - -1 - 13) + 8)).
-16
(74 + -27 - 6) + 3
44
Evaluate -4 + (-10 + 6 + -10 + -3 + 8 - 0).
-13
Evaluate -19 + 108 + -22 + (15 - (1 + 6)).
75
Evaluate -6 + 2 - (18 + -4) - (-8 + 14 + -12).
-12
What is (-129 - 5) + 204 + -87?
-17
Calculate (12 - (177 - 82)) + 138.
55
-133 - -2 - (8736 - 8872)
5
What is -9 + 5 + -7 - (-8 + 17) - -12?
-8
What is the value of 4 - 2 - 12 - (-225 - (14 - 217))?
12
8 + 0 - (-11 - -13 - -52 - (2 + -19))
-63
Calculate 224 + 7 + -1224 + 1139.
146
Evaluate -62 + 38 - -21 - (0 + 0 + 4 - 44).
37
Evaluate -8 + (-12 - -13) + 4 + (3 - -4).
4
Calculate (-3 - -2 - (-5 + -6)) + -29 + 45.
26
Calculate -20 - (-29 + 20) - -12 - (-6 - -55).
-48
What is (2 + -19 - (-1 - -6)) + (-55 - -29)?
-48
What is -72 + -21 + 218 - (22 - -2)?
101
Calculate -16 + (3 - 49 - (-19 + -2 + 2)).
-43
Calculate (8 - -3 - (25 + -59) - (3 + -3)) + 5.
50
What is the value of 2 + 28 - (2 - 6 - (-2 - -2))?
34
Calculate 24 - (-66 + -64 + 116).
38
Calculate -3 + (-2 - -18) + -15 + 47.
45
What is -14 - (10 + -105) - (-4 + (1 - -1) - 4)?
87
Calculate 11 - (-8 + (13 - (10 - 49))).
-33
What is 85 - (59 + (198 - 67))?
-105
56 + -29 - (8 + 6) - 19
-6
What is 31 - (16 + 27 + -33)?
21
Calculate -29 + (-20 + 54 - 19) + -19.
-33
What is 32 - (-2 - -9) - 12 - (-3 - 4)?
20
Evaluate -105 - -35 - (52 + -246).
124
What is 12 + 7 + (30 - 55) - -67?
61
Evaluate 6 + (7 - 1 - (-3 - -1)) + -30 + 27.
11
34 - ((-171 - -223) + -8 + 41)
-51
18 + -22 - 9 - 24
-37
(-7 - 8) + (43 - 15 - -20)
33
What is the value of 1 - (1 - -10) - 0 - (-156 - (-12 - 69))?
65
What is -14 + (31 + -36 - (7 - 0 - 10))?
-16
-34 + 108 + (-59 - 3)
12
What is 25 - -8 - (29 + (-16 - 10)) - -24?
54
What is the value of -18 - ((13 - (-11 + 23)) + 4 + 2)?
-25
Evaluate 7 + (14 - (-13 + (-9 - -18))) + (1 - 6).
20
Calculate 1 + -6 - (-5063 - -5085).
-27
Calculate (0 - 30) + -3121 + 3234.
83
What is the value of -5 + (0 - -31) + (98 - 110)?
14
((-9 - 5) + 28 - 4) + 56 + 0
66
What is the value of (-38 - (-3 - -14 - 9)) + 9?
-31
What is -12 + (23 - (3 - -5))?
3
Calculate 795 - 801 - (0 + (4 - 24)).
14
78 + (-22 - -26) + -39
43
0 + -10 + (-18 + -1 - -16) + 0
-13
What is the value of -1 + -19 - ((-66 + 76 - (-1 + 3)) + -10)?
-18
What is the value of 21 - (27 - (27 + (-69 - -15)))?
-33
What is 10 + -13 - (5 - (3 + -4) - (-266 - -139))?
-136
What is (107 - -8) + 113 + -150?
78
What is (-426 - -412) + -2 + 30?
14
Evaluate (-2 + 9 - (113 + -43)) + 7 + -1.
-57
What is -41 + 6 - (12 + (-87 - 59))?
99
Calculate 5 + 0 - (152 - 222 - (1 - 24)).
52
Calculate -17 + (-62 + 41 - 19).
-57
Evaluate 26 - (-3 + -3 - (15 - (-6 + -4 + 21))).
36
What is -2728 + 2562 - (-89 - -4)?
-81
Calculate 84 + ((-87 - -22) + 18 - -24).
61
Calculate -57 + 18 + -4 - -7.
-36
(-32 + 35 - 37) + 46
12
What is -1 + 81 + -102 + 79 + -21?
36
What is 18 + (57 - 49) - 53?
-27
Evaluate 43 + (49 - 16 - 45).
31
What is 1023 - 992 - (0 - -1 - 23)?
53
Evaluate -31 - (-110 + 23 + (37 - 28)).
47
-11 - ((70 - 0) + (-22 - (29 + -61 + 15)))
-76
10 + 23 - (55 - 33 - -43)
-32
Evaluate -30 + 17 + 4 + -31 + 28 + -93.
-105
(-55 - -48) + (-1 - 6 - -38)
24
What is 105 - -7 - 107 - (-33 - (-1 + 0))?
37
Calculate -28 + (8 - (1 - -3)) - (-16 + -5 + 20).
-23
What is -7 + -3 + 8 + 10 - (-29 + 8 + -12)?
41
Calculate (25 - 1 - (-244 - -281)) + 77.
64
Calculate (-222 - -151) + 134 + 82.
145
Calculate -8 - 63 - (62 + -123).
-10
-22 - -8 - 28 - 20 - ((-1 - 1) + 16)
-76
What is -36 + 3 - (-2 - 0) - (1425 - 1413)?
-43
Calculate (-7 - 2 - (100 + -81)) + -59.
-87
Calculate 21 + -1 - (-175 + 198) - -28.
25
Calculate -7 + 1 + -1 - (22 - 189 - -209).
-49
Calculate 123 + 1 + (3 - (98 - 65)).
94
Calculate -3265 - -3141 - (2 - 124).
-2
(-93 - -85) + 2 + -9 + 39 + -10
14
What is 4 + -2 + (-1 - -2) + (-4043 - -3955)?
-85
What is 223 + -41 - 104 - 56?
22
76 - (-22 + -14 + 85)
27
What is the value of (5 - 0) + (28 - -1 - (34 - 10 - 26))?
36
What is 258 + (-103 - 151) + (1 - 82 - 1)?
-78
Evaluate -87 + 9 - (915 - 882).
-111
Evaluate -16 - (13 - (-2 - -2) - (296 + -247)).
20
Calculate (1 + 16 - 20) + -4 + 11 - 12.
-8
112 + (-21 - -2) + -2
91
Calculate 0 + -14 + 55 + -1 + -38 + -53.
-51
What is the value of 11 + 2 + (-1 - (0 - -14)) - (104 - 1)?
-105
Evaluate (-11 + 31 - 7) + 23 + (12 - 6).
42
What is the value of -1337 - -1324 - (6 + -105)?
86
Evaluate -13501 + 13471 - ((1 - 13) + -2 + (-2 - -6)).
-20
Evaluate (-77 - (25 - 107)) + (-1 - (-3 - 2 - 3)).
12
-32 + 71 + -27 - -42
54
Calculate -18 + 4 + 22 + -17 + 2.
-7
What is -7 + (15 - 63) - 9?
-64
Evaluate (-35 - 75) + 52 + 107.
49
What is the value of (52 - 0) + -6886 + 6880?
46
What is -80 + 0 + (8 - 4) + (-766 - -778)?
-64
Evaluate -7 - -1 - 8 - -58.
44
What is -41 - (29 + (17 - (8 - -19)))?
-60
Calculate -16 + (103 - (8 - (14 + -28 + 12))).
77
Evaluate -100 + (127 + -52 - -127).
102
What is 58 + -7 - (-6 - (-11 + 8 + -4) - -7)?
43
What is the value of 54 - (147 - (41 + 10))?
-42
Evaluate -31 + 1 + 2 - (7 + 17 - (8 + 11)).
-33
Calculate (-40 - (6 - -43)) + 46.
-43
What is the value of -45 + -251 - -301 - (-2 + -47 - (-1 - 1))?
52
What is -18 + (5 - -2) + (30 - 40) - -11?
-10
Evaluate (-64 - -44 - -140) + -51.
69
Calculate 4 + (-11 - -12) + 0 + -23 + 3.
-15
What is 1 - 14 - (-7 - (-4 + -4) - (-218 + 285))?
53
Eva